Let u(g) = g**2 - 9*g + 66. What is u(-7)?
178
Let v(o) = o**3 + 29*o**2 - 37*o - 51. Give v(-30).
159
Let u(h) = h**2 + 66*h + 730. Calculate u(-53).
41
Let p(x) = -494*x - 7443. Determine p(-15).
-33
Let g(y) = 5*y**2 + 80*y + 260. Determine g(-10).
-40
Let p(b) = -b**3 - 11*b**2 - 13*b - 11. Calculate p(-9).
-56
Let m(a) = -a**3 - 4*a**2 - 11*a. What is m(5)?
-280
Let l(m) = 12*m - 7. Determine l(13).
149
Let s(r) = r**3 + 13*r**2 - 23*r + 6. Give s(-14).
132
Let y(s) = -2*s**2 + s + 90. Determine y(-9).
-81
Let y(a) = 433*a + 422. Give y(-1).
-11
Let i(b) = 5*b**2 - 65*b + 411. Give i(6).
201
Let u(i) = 2*i**2 - 60*i - 366. What is u(35)?
-16
Let h(i) = 3*i**3 - 5*i + 10. What is h(3)?
76
Let y(k) = -1235*k - 8645. Determine y(-7).
0
Let q(y) = -10*y**2 - 71*y - 16. What is q(-7)?
-9
Let t(j) = j**3 - j + 18. Calculate t(0).
18
Let d(q) = q**2 + 5*q + 74. Give d(0).
74
Let g(y) = y**3 + 6*y**2 + 23*y + 210. Calculate g(-7).
0
Let c(s) = 7*s**2 + 142*s - 90. Give c(-21).
15
Let h(a) = 2*a**3 - 90*a**2 - 95*a - 17. Calculate h(46).
-155
Let m(t) = -10*t**2 + 399*t + 11. Determine m(40).
-29
Let m(w) = w**3 - 24*w**2 - 22*w - 29. Give m(25).
46
Let d(i) = -i**3 + 21*i**2 + 5*i - 14. What is d(21)?
91
Let p(r) = 86*r - 263. Give p(3).
-5
Let s(q) = 3*q**3 + 23*q**2 + 30*q - 4. Calculate s(-6).
-4
Let f(d) = -14*d + 791. Determine f(30).
371
Let b(x) = 25*x - 852. Calculate b(34).
-2
Let m(s) = 28*s - 807. Calculate m(29).
5
Let a(r) = 4*r**2 - 6*r - 62. Give a(5).
8
Let p(h) = 2*h**3 - 15*h**2 + 7*h + 14. Give p(7).
14
Let s(i) = i**2 + 42*i - 142. Give s(-47).
93
Let c(s) = -2*s**2 + 10*s - 52. Determine c(7).
-80
Let p(x) = 38*x + 290. What is p(-7)?
24
Let s(r) = 120*r**2 - 10*r - 24. Give s(-2).
476
Let x(l) = 7*l - 87. What is x(-9)?
-150
Let y(s) = -2*s - 6. What is y(5)?
-16
Let m(b) = b**3 - 2*b**2 - 139*b - 39. Calculate m(13).
13
Let m(k) = k**3 + 97*k**2 - 93*k + 480. Give m(-98).
-10
Let l(q) = -11*q**2 - 36*q - 145. Determine l(-4).
-177
Let n(t) = -12*t**3 + 4*t**2 - 4. Determine n(-1).
12
Let q(d) = -d**3 - 53*d**2 - 3*d + 2542. Calculate q(-52).
-6
Let j(p) = p**3 - 5*p**2 - 13*p + 28. Give j(6).
-14
Let i(p) = p**3 - 6*p**2 - 8*p + 26. Determine i(6).
-22
Let n(f) = 2*f**2 - 88*f - 753. What is n(52)?
79
Let v(z) = 1574*z + 111750. Calculate v(-71).
-4
Let l(o) = o**3 + 31*o**2 + 173*o + 6566. What is l(-32)?
6
Let i(g) = -110*g + 1029. Determine i(9).
39
Let y(n) = 2*n**3 + 4*n - 1. Give y(2).
23
Let f(k) = -18*k + 446. Calculate f(25).
-4
Let h(l) = -l**3 + 43*l**2 + 298*l - 138. Give h(49).
58
Let r(l) = 8*l**2 + 3*l + 26. Determine r(-7).
397
Let a(m) = m**3 + 89*m**2 - 179*m + 232. Give a(-91).
-41
Let g(n) = -2*n**3 + 45*n**2 + 22*n + 38. Determine g(23).
15
Let x(n) = -2*n**3 - 14*n**2 + 32*n + 10. Determine x(-9).
46
Let b(l) = 43*l**2 - 6538*l + 309. Determine b(152).
5
Let u(k) = -k**3 - 93*k**2 + 15*k - 7414. What is u(-94)?
12
Let u(d) = -7*d**2 + 22*d + 52. What is u(5)?
-13
Let s(x) = -7*x + 63. What is s(21)?
-84
Let q(u) = 2*u**3 + 66*u**2 - 657*u - 38. What is q(-41)?
3
Let n(l) = -l**2 + 2*l + 72. Calculate n(10).
-8
Let f(l) = l**3 + 39*l**2 + 306*l + 10. Give f(-28).
66
Let v(t) = -t**2 + 79*t - 415. What is v(5)?
-45
Let d(s) = -5*s**3 - 74*s**2 - 138*s - 291. What is d(-13)?
-18
Let o(z) = -z**2 + 171*z + 1252. Calculate o(-7).
6
Let q(v) = -52*v**2 - 116*v + 368. Calculate q(3).
-448
Let f(q) = 29*q - 603. Determine f(20).
-23
Let r(b) = -b**2 + 24*b + 441. Determine r(-12).
9
Let k(w) = -w**2 + 3105*w - 40197. Give k(13).
-1
Let q(u) = 69*u - 6807. What is q(99)?
24
Let j(c) = -c**3 + 44*c**2 - 95*c + 394. Determine j(42).
-68
Let b(d) = 4*d**2 - 25*d + 316. Calculate b(0).
316
Let m(q) = 36*q**2 - 10*q + 2. Give m(1).
28
Let b(m) = m**3 + 2*m**2 + 2*m + 9. Determine b(-5).
-76
Let t(a) = -4*a - 35. Determine t(-9).
1
Let d(v) = v**3 + 37*v**2 - 75*v + 112. Give d(-39).
-5
Let c(s) = s**2 - 135*s + 914. Give c(7).
18
Let h(s) = s**3 - 25*s**2 - 45*s - 70. Determine h(26).
-564
Let b(j) = -93*j + 1127. Give b(12).
11
Let j(p) = 7*p**2 - 10*p - 19. Give j(-2).
29
Let s(k) = 37*k**3 - 149*k**2 - 36*k + 161. Give s(4).
1
Let a(u) = -u**3 - 12*u**2 + 32*u + 51. Give a(-14).
-5
Let z(l) = -l**2 - 23*l - 49. What is z(-12)?
83
Let s(m) = -m**2 + 233*m - 233. Calculate s(1).
-1
Let y(x) = -185*x - 125. Determine y(0).
-125
Let g(i) = -25*i + 774. Determine g(30).
24
Let p(x) = -89*x**2 - 748*x - 21. Determine p(-8).
267
Let i(k) = k**3 + 18*k**2 + 38*k + 10. What is i(-14)?
262
Let h(z) = z**2 - 74*z + 522. Give h(66).
-6
Let x(a) = 1073*a + 9642. Calculate x(-9).
-15
Let n(u) = -35*u + 96. Calculate n(-6).
306
Let b(l) = -13*l**3 - 5*l - 7. Give b(-2).
107
Let g(f) = 20*f**2 + 398*f - 61. Give g(-20).
-21
Let s(m) = -4*m**2 - 9*m + 3. What is s(6)?
-195
Let f(d) = 1307*d - 3929. Determine f(3).
-8
Let z(b) = -b**3 + 7*b**2 - 147*b - 480. What is z(-3)?
51
Let r(a) = 44*a - 750. Give r(18).
42
Let y(i) = -i**2 + 24*i + 804. What is y(-19)?
-13
Let t(o) = 1233*o + 8. Determine t(0).
8
Let v(u) = -u**3 + 9*u**2 + 298*u + 545. Determine v(-2).
-7
Let m(b) = -2*b**2 - 164*b - 2380. What is m(-60)?
260
Let r(f) = -32*f**2 - 6*f + 38. Determine r(3).
-268
Let k(f) = -12*f**2 - 16*f + 101. Give k(5).
-279
Let s(g) = -5*g**2 + 150*g - 53. Calculate s(30).
-53
Let k(a) = -2*a**2 + 124*a + 253. Calculate k(57).
823
Let t(c) = -c**3 + 18*c**2 - 28*c - 44. What is t(16)?
20
Let i(p) = -p**3 - 5*p**2 + 50*p - 99. Calculate i(3).
-21
Let b(r) = -45*r**2 - 144*r + 296. Give b(2).
-172
Let o(r) = 2*r**2 + 74*r + 452. Determine o(-29).
-12
Let x(v) = 73*v + 10355. What is x(-142)?
-11
Let j(x) = 2*x**2 + 45*x + 93. What is j(-20)?
-7
Let d(i) = 2*i**3 + 8*i**2 + 3*i - 3. Calculate d(-1).
0
Let g(d) = -1579*d + 41043. Give g(26).
-11
Let r(w) = 9*w + 153. Calculate r(-17).
0
Let l(t) = -157*t**2 + 624*t - 18. Determine l(4).
-34
Let q(c) = 10*c**2 - 730*c + 168. What is q(73)?
168
Let w(l) = 28*l + 544. Calculate w(-15).
124
Let c(s) = s**3 - 22*s**2 - 87*s + 306. What is c(25)?
6
Let h(a) = 2*a - 71. Determine h(31).
-9
Let u(a) = a**3 + a**2 + 139*a + 5. What is u(0)?
5
Let p(k) = -175*k + 1790. Determine p(10).
40
Let s(z) = 5*z**2 - 42*z - 18. Determine s(9).
9
Let q(s) = 936*s + 3750. Calculate q(-4).
6
Let m(p) = p**3 + 2*p**2 + 21*p - 51. Give m(2).
7
Let f(b) = -69*b + 371. What is f(5)?
26
Let b(u) = -2*u**3 + 65*u**2 + 98*u + 331. Determine b(34).
195
Let y(l) = 32628*l - 11. Give y(0).
-11
Let t(i) = -14*i**3 - 5*i**2 - 80*i - 151. Give t(-2).
101
Let f(t) = -t**3 - 9*t**2 + 9*t + 25. What is f(-10)?
35
Let i(y) = -2*y**2 + 4*y - 1. Determine i(11).
-199
Let r(g) = g**3 - 18*g**2 + 16*g + 25. Determine r(17).
8
Let b(p) = -7*p**2 + 205*p - 436. Give b(27).
-4
Let m(u) = -u**2 + 20*u - 10. Give m(7).
81
Let j(s) = 6845*s + 150587. What is j(-22)?
-3
Let n(d) = -3*d**3 - 17*d**2 + 3*d + 66. What is n(-5)?
1
Let m(s) = 108*s + 612. What is m(-5)?
72
Let m(d) = -4*d**3 - 90*d**2 + 52*d + 148. Calculate m(-23).
10
Let a(w) = 12*w**2 + 55*w - 12. Give a(-6).
90
Let k(h) = -2*h**3 - 692*h**2 + 637*h - 19779. Calculate k(-347).
0
Let q(s) = -2*s**2 - 6*s + 117. Determine q(-10).
-23
Let a(c) = -2272*c - 4515. Give a(-2).
29
Let t(w) = w**3 + 4*w**2 + 340*w + 11. What is t(0)?
11
Let o(q) = 6*q**2 + 3*q - 12. What is o(2)?
18
Let s(t) = -t**3 + 2*t**2 + 58*t + 41. Determine s(-6).
-19
Let m(t) = 88*t**2 - 215*t + 211. What is m(1)?
84
Let k(j) = -64*j + 10164. What is k(159)?
-12
Let d(g) = 275*g + 42. Give d(0).
42
Let g(i) = 2*i**3 + 2*i**2 - 28*i + 6. Determine g(3).
-6
Let a(j) = 24*j**2 - 91*j - 7. What is a(4)?
13
Let d(h) = -2*h**2 - 10*h + 19. Calculate d(2).
-9
Let v(f) = 4*f**3 + 22*f**2 - 62*f + 40. Give v(1).
4
Let n(h) = h**2 + 5*h + 7. Calculate n(9).
133
Let u(t) = 16*t**2 - 87*t - 20. Calculate u(5).
-55
Let r(n) = -590*n - 1096. What is r(-2)?
84
Let q(d) = -d**2 - 388*d + 12101. What is q(29)?
8
Let s(r) = -40*r - 71. Give s(-7).
209
Let x(g) = 300*g + 354. What is x(-1)?
54
Let r(s) = -2*s**2 - 17*s + 15547. Calculate r(84).
7
Let u(k) = -2*k**2 + 27*k + 178. Give u(25).
-397
Let q(t) = 789*t + 123867. Calculate q(-157).
-6
Let r(x) = 8*x**2 - 153*x + 18. Give r(19).
-1
Let h(a) = 5*a**2 - 42*a + 132. W